{"id":1064,"date":"2022-08-23T09:30:24","date_gmt":"2022-08-23T06:30:24","guid":{"rendered":"http:\/\/heimstaden.stage.kan.se\/?page_id=1064"},"modified":"2023-02-10T14:06:18","modified_gmt":"2023-02-10T12:06:18","slug":"vastuu-ymparistosta","status":"publish","type":"page","link":"https:\/\/heimstaden.com\/fi\/tietoa-meista\/vastuu-ymparistosta\/","title":{"rendered":"Vastuu ymp\u00e4rist\u00f6st\u00e4"},"content":{"rendered":"","protected":false},"excerpt":{"rendered":"","protected":false},"author":89,"featured_media":14995,"parent":161,"menu_order":3,"comment_status":"closed","ping_status":"closed","template":"","meta":{"_acf_changed":false,"_relevanssi_hide_post":"","_relevanssi_hide_content":"","_relevanssi_pin_for_all":"","_relevanssi_pin_keywords":"","_relevanssi_unpin_keywords":"","_relevanssi_related_keywords":"","_relevanssi_related_include_ids":"","_relevanssi_related_exclude_ids":"","_relevanssi_related_no_append":"","_relevanssi_related_not_related":"","_relevanssi_related_posts":"","_relevanssi_noindex_reason":"","footnotes":""},"class_list":["post-1064","page","type-page","status-publish","has-post-thumbnail","hentry"],"acf":[],"yoast_head":"<!-- This site is optimized with the Yoast SEO plugin v26.3 - https:\/\/yoast.com\/wordpress\/plugins\/seo\/ -->\n<title>Vastuu ymp\u00e4rist\u00f6st\u00e4 - Heimstaden<\/title>\n<meta name=\"description\" content=\"Liiketoimintaamme kuuluu luonnollisena osana se, ett\u00e4 ajattelemme ja toimimme kest\u00e4v\u00e4sti.\" \/>\n<meta name=\"robots\" content=\"index, follow, max-snippet:-1, max-image-preview:large, max-video-preview:-1\" \/>\n<link rel=\"canonical\" href=\"https:\/\/heimstaden.com\/fi\/tietoa-meista\/vastuu-ymparistosta\/\" \/>\n<meta property=\"og:locale\" content=\"fi_FI\" \/>\n<meta property=\"og:type\" content=\"article\" \/>\n<meta property=\"og:title\" content=\"Vastuu ymp\u00e4rist\u00f6st\u00e4 - Heimstaden\" \/>\n<meta property=\"og:description\" content=\"Liiketoimintaamme kuuluu luonnollisena osana se, ett\u00e4 ajattelemme ja toimimme kest\u00e4v\u00e4sti.\" \/>\n<meta property=\"og:url\" content=\"https:\/\/heimstaden.com\/fi\/tietoa-meista\/vastuu-ymparistosta\/\" \/>\n<meta property=\"og:site_name\" content=\"Heimstaden\" \/>\n<meta property=\"article:modified_time\" content=\"2023-02-10T12:06:18+00:00\" \/>\n<meta property=\"og:image\" content=\"https:\/\/heimstaden.com\/app\/uploads\/sites\/9\/2020\/12\/Heimstaden-miljoansvar-1.jpg\" \/>\n\t<meta property=\"og:image:width\" content=\"1600\" \/>\n\t<meta property=\"og:image:height\" content=\"1067\" \/>\n\t<meta property=\"og:image:type\" content=\"image\/jpeg\" \/>\n<meta name=\"twitter:card\" content=\"summary_large_image\" \/>\n<script type=\"application\/ld+json\" class=\"yoast-schema-graph\">{\"@context\":\"https:\/\/schema.org\",\"@graph\":[{\"@type\":\"WebPage\",\"@id\":\"https:\/\/heimstaden.com\/fi\/tietoa-meista\/vastuu-ymparistosta\/\",\"url\":\"https:\/\/heimstaden.com\/fi\/tietoa-meista\/vastuu-ymparistosta\/\",\"name\":\"Vastuu ymp\u00e4rist\u00f6st\u00e4 - Heimstaden\",\"isPartOf\":{\"@id\":\"https:\/\/heimstaden.com\/fi\/#website\"},\"primaryImageOfPage\":{\"@id\":\"https:\/\/heimstaden.com\/fi\/tietoa-meista\/vastuu-ymparistosta\/#primaryimage\"},\"image\":{\"@id\":\"https:\/\/heimstaden.com\/fi\/tietoa-meista\/vastuu-ymparistosta\/#primaryimage\"},\"thumbnailUrl\":\"https:\/\/heimstaden.com\/app\/uploads\/sites\/9\/2020\/12\/Heimstaden-miljoansvar-1.jpg\",\"datePublished\":\"2022-08-23T06:30:24+00:00\",\"dateModified\":\"2023-02-10T12:06:18+00:00\",\"description\":\"Liiketoimintaamme kuuluu luonnollisena osana se, ett\u00e4 ajattelemme ja toimimme kest\u00e4v\u00e4sti.\",\"breadcrumb\":{\"@id\":\"https:\/\/heimstaden.com\/fi\/tietoa-meista\/vastuu-ymparistosta\/#breadcrumb\"},\"inLanguage\":\"fi\",\"potentialAction\":[{\"@type\":\"ReadAction\",\"target\":[\"https:\/\/heimstaden.com\/fi\/tietoa-meista\/vastuu-ymparistosta\/\"]}]},{\"@type\":\"ImageObject\",\"inLanguage\":\"fi\",\"@id\":\"https:\/\/heimstaden.com\/fi\/tietoa-meista\/vastuu-ymparistosta\/#primaryimage\",\"url\":\"https:\/\/heimstaden.com\/app\/uploads\/sites\/9\/2020\/12\/Heimstaden-miljoansvar-1.jpg\",\"contentUrl\":\"https:\/\/heimstaden.com\/app\/uploads\/sites\/9\/2020\/12\/Heimstaden-miljoansvar-1.jpg\",\"width\":1600,\"height\":1067,\"caption\":\"Nuori mies ja nainen istuvat puiston penkill\u00e4 ulkona\"},{\"@type\":\"BreadcrumbList\",\"@id\":\"https:\/\/heimstaden.com\/fi\/tietoa-meista\/vastuu-ymparistosta\/#breadcrumb\",\"itemListElement\":[{\"@type\":\"ListItem\",\"position\":1,\"name\":\"Tietoa meist\u00e4\",\"item\":\"https:\/\/heimstaden.com\/fi\/tietoa-meista\/\"},{\"@type\":\"ListItem\",\"position\":2,\"name\":\"Vastuu ymp\u00e4rist\u00f6st\u00e4\"}]},{\"@type\":\"WebSite\",\"@id\":\"https:\/\/heimstaden.com\/fi\/#website\",\"url\":\"https:\/\/heimstaden.com\/fi\/\",\"name\":\"Heimstaden\",\"description\":\"Tervetuloa Heimstadenille\",\"publisher\":{\"@id\":\"https:\/\/heimstaden.com\/fi\/#organization\"},\"potentialAction\":[{\"@type\":\"SearchAction\",\"target\":{\"@type\":\"EntryPoint\",\"urlTemplate\":\"https:\/\/heimstaden.com\/fi\/?s={search_term_string}\"},\"query-input\":{\"@type\":\"PropertyValueSpecification\",\"valueRequired\":true,\"valueName\":\"search_term_string\"}}],\"inLanguage\":\"fi\"},{\"@type\":\"Organization\",\"@id\":\"https:\/\/heimstaden.com\/fi\/#organization\",\"name\":\"Heimstaden Finland\",\"url\":\"https:\/\/heimstaden.com\/fi\/\",\"logo\":{\"@type\":\"ImageObject\",\"inLanguage\":\"fi\",\"@id\":\"https:\/\/heimstaden.com\/fi\/#\/schema\/logo\/image\/\",\"url\":\"https:\/\/heimstaden.com\/app\/uploads\/sites\/9\/2018\/01\/Heimstaden_logo.png\",\"contentUrl\":\"https:\/\/heimstaden.com\/app\/uploads\/sites\/9\/2018\/01\/Heimstaden_logo.png\",\"width\":1476,\"height\":214,\"caption\":\"Heimstaden Finland\"},\"image\":{\"@id\":\"https:\/\/heimstaden.com\/fi\/#\/schema\/logo\/image\/\"}}]}<\/script>\n<!-- \/ Yoast SEO plugin. -->","yoast_head_json":{"title":"Vastuu ymp\u00e4rist\u00f6st\u00e4 - Heimstaden","description":"Liiketoimintaamme kuuluu luonnollisena osana se, ett\u00e4 ajattelemme ja toimimme kest\u00e4v\u00e4sti.","robots":{"index":"index","follow":"follow","max-snippet":"max-snippet:-1","max-image-preview":"max-image-preview:large","max-video-preview":"max-video-preview:-1"},"canonical":"https:\/\/heimstaden.com\/fi\/tietoa-meista\/vastuu-ymparistosta\/","og_locale":"fi_FI","og_type":"article","og_title":"Vastuu ymp\u00e4rist\u00f6st\u00e4 - Heimstaden","og_description":"Liiketoimintaamme kuuluu luonnollisena osana se, ett\u00e4 ajattelemme ja toimimme kest\u00e4v\u00e4sti.","og_url":"https:\/\/heimstaden.com\/fi\/tietoa-meista\/vastuu-ymparistosta\/","og_site_name":"Heimstaden","article_modified_time":"2023-02-10T12:06:18+00:00","og_image":[{"width":1600,"height":1067,"url":"https:\/\/heimstaden.com\/app\/uploads\/sites\/9\/2020\/12\/Heimstaden-miljoansvar-1.jpg","type":"image\/jpeg"}],"twitter_card":"summary_large_image","schema":{"@context":"https:\/\/schema.org","@graph":[{"@type":"WebPage","@id":"https:\/\/heimstaden.com\/fi\/tietoa-meista\/vastuu-ymparistosta\/","url":"https:\/\/heimstaden.com\/fi\/tietoa-meista\/vastuu-ymparistosta\/","name":"Vastuu ymp\u00e4rist\u00f6st\u00e4 - Heimstaden","isPartOf":{"@id":"https:\/\/heimstaden.com\/fi\/#website"},"primaryImageOfPage":{"@id":"https:\/\/heimstaden.com\/fi\/tietoa-meista\/vastuu-ymparistosta\/#primaryimage"},"image":{"@id":"https:\/\/heimstaden.com\/fi\/tietoa-meista\/vastuu-ymparistosta\/#primaryimage"},"thumbnailUrl":"https:\/\/heimstaden.com\/app\/uploads\/sites\/9\/2020\/12\/Heimstaden-miljoansvar-1.jpg","datePublished":"2022-08-23T06:30:24+00:00","dateModified":"2023-02-10T12:06:18+00:00","description":"Liiketoimintaamme kuuluu luonnollisena osana se, ett\u00e4 ajattelemme ja toimimme kest\u00e4v\u00e4sti.","breadcrumb":{"@id":"https:\/\/heimstaden.com\/fi\/tietoa-meista\/vastuu-ymparistosta\/#breadcrumb"},"inLanguage":"fi","potentialAction":[{"@type":"ReadAction","target":["https:\/\/heimstaden.com\/fi\/tietoa-meista\/vastuu-ymparistosta\/"]}]},{"@type":"ImageObject","inLanguage":"fi","@id":"https:\/\/heimstaden.com\/fi\/tietoa-meista\/vastuu-ymparistosta\/#primaryimage","url":"https:\/\/heimstaden.com\/app\/uploads\/sites\/9\/2020\/12\/Heimstaden-miljoansvar-1.jpg","contentUrl":"https:\/\/heimstaden.com\/app\/uploads\/sites\/9\/2020\/12\/Heimstaden-miljoansvar-1.jpg","width":1600,"height":1067,"caption":"Nuori mies ja nainen istuvat puiston penkill\u00e4 ulkona"},{"@type":"BreadcrumbList","@id":"https:\/\/heimstaden.com\/fi\/tietoa-meista\/vastuu-ymparistosta\/#breadcrumb","itemListElement":[{"@type":"ListItem","position":1,"name":"Tietoa meist\u00e4","item":"https:\/\/heimstaden.com\/fi\/tietoa-meista\/"},{"@type":"ListItem","position":2,"name":"Vastuu ymp\u00e4rist\u00f6st\u00e4"}]},{"@type":"WebSite","@id":"https:\/\/heimstaden.com\/fi\/#website","url":"https:\/\/heimstaden.com\/fi\/","name":"Heimstaden","description":"Tervetuloa Heimstadenille","publisher":{"@id":"https:\/\/heimstaden.com\/fi\/#organization"},"potentialAction":[{"@type":"SearchAction","target":{"@type":"EntryPoint","urlTemplate":"https:\/\/heimstaden.com\/fi\/?s={search_term_string}"},"query-input":{"@type":"PropertyValueSpecification","valueRequired":true,"valueName":"search_term_string"}}],"inLanguage":"fi"},{"@type":"Organization","@id":"https:\/\/heimstaden.com\/fi\/#organization","name":"Heimstaden Finland","url":"https:\/\/heimstaden.com\/fi\/","logo":{"@type":"ImageObject","inLanguage":"fi","@id":"https:\/\/heimstaden.com\/fi\/#\/schema\/logo\/image\/","url":"https:\/\/heimstaden.com\/app\/uploads\/sites\/9\/2018\/01\/Heimstaden_logo.png","contentUrl":"https:\/\/heimstaden.com\/app\/uploads\/sites\/9\/2018\/01\/Heimstaden_logo.png","width":1476,"height":214,"caption":"Heimstaden Finland"},"image":{"@id":"https:\/\/heimstaden.com\/fi\/#\/schema\/logo\/image\/"}}]}},"_links":{"self":[{"href":"https:\/\/heimstaden.com\/fi\/wp-json\/wp\/v2\/pages\/1064","targetHints":{"allow":["GET"]}}],"collection":[{"href":"https:\/\/heimstaden.com\/fi\/wp-json\/wp\/v2\/pages"}],"about":[{"href":"https:\/\/heimstaden.com\/fi\/wp-json\/wp\/v2\/types\/page"}],"author":[{"embeddable":true,"href":"https:\/\/heimstaden.com\/fi\/wp-json\/wp\/v2\/users\/89"}],"replies":[{"embeddable":true,"href":"https:\/\/heimstaden.com\/fi\/wp-json\/wp\/v2\/comments?post=1064"}],"version-history":[{"count":13,"href":"https:\/\/heimstaden.com\/fi\/wp-json\/wp\/v2\/pages\/1064\/revisions"}],"predecessor-version":[{"id":29732,"href":"https:\/\/heimstaden.com\/fi\/wp-json\/wp\/v2\/pages\/1064\/revisions\/29732"}],"up":[{"embeddable":true,"href":"https:\/\/heimstaden.com\/fi\/wp-json\/wp\/v2\/pages\/161"}],"wp:featuredmedia":[{"embeddable":true,"href":"https:\/\/heimstaden.com\/fi\/wp-json\/wp\/v2\/media\/14995"}],"wp:attachment":[{"href":"https:\/\/heimstaden.com\/fi\/wp-json\/wp\/v2\/media?parent=1064"}],"curies":[{"name":"wp","href":"https:\/\/api.w.org\/{rel}","templated":true}]}}

Vastuu ympäristöstä

<!-- This site is optimized with the Yoast SEO plugin v26.3 - https://yoast.com/wordpress/plugins/seo/ -->
<title>Vastuu ympäristöstä - Heimstaden</title>
<meta name="description" content="Liiketoimintaamme kuuluu luonnollisena osana se, että ajattelemme ja toimimme kestävästi." />
<meta name="robots" content="index, follow, max-snippet:-1, max-image-preview:large, max-video-preview:-1" />
<link rel="canonical" href="https://heimstaden.com/fi/tietoa-meista/vastuu-ymparistosta/" />
<meta property="og:locale" content="fi_FI" />
<meta property="og:type" content="article" />
<meta property="og:title" content="Vastuu ympäristöstä - Heimstaden" />
<meta property="og:description" content="Liiketoimintaamme kuuluu luonnollisena osana se, että ajattelemme ja toimimme kestävästi." />
<meta property="og:url" content="https://heimstaden.com/fi/tietoa-meista/vastuu-ymparistosta/" />
<meta property="og:site_name" content="Heimstaden" />
<meta property="article:modified_time" content="2023-02-10T12:06:18+00:00" />
<meta property="og:image" content="https://heimstaden.com/app/uploads/sites/9/2020/12/Heimstaden-miljoansvar-1.jpg" />
	<meta property="og:image:width" content="1600" />
	<meta property="og:image:height" content="1067" />
	<meta property="og:image:type" content="image/jpeg" />
<meta name="twitter:card" content="summary_large_image" />
<script type="application/ld+json" class="yoast-schema-graph">{"@context":"https://schema.org","@graph":[{"@type":"WebPage","@id":"https://heimstaden.com/fi/tietoa-meista/vastuu-ymparistosta/","url":"https://heimstaden.com/fi/tietoa-meista/vastuu-ymparistosta/","name":"Vastuu ympäristöstä - Heimstaden","isPartOf":{"@id":"https://heimstaden.com/fi/#website"},"primaryImageOfPage":{"@id":"https://heimstaden.com/fi/tietoa-meista/vastuu-ymparistosta/#primaryimage"},"image":{"@id":"https://heimstaden.com/fi/tietoa-meista/vastuu-ymparistosta/#primaryimage"},"thumbnailUrl":"https://heimstaden.com/app/uploads/sites/9/2020/12/Heimstaden-miljoansvar-1.jpg","datePublished":"2022-08-23T06:30:24+00:00","dateModified":"2023-02-10T12:06:18+00:00","description":"Liiketoimintaamme kuuluu luonnollisena osana se, että ajattelemme ja toimimme kestävästi.","breadcrumb":{"@id":"https://heimstaden.com/fi/tietoa-meista/vastuu-ymparistosta/#breadcrumb"},"inLanguage":"fi","potentialAction":[{"@type":"ReadAction","target":["https://heimstaden.com/fi/tietoa-meista/vastuu-ymparistosta/"]}]},{"@type":"ImageObject","inLanguage":"fi","@id":"https://heimstaden.com/fi/tietoa-meista/vastuu-ymparistosta/#primaryimage","url":"https://heimstaden.com/app/uploads/sites/9/2020/12/Heimstaden-miljoansvar-1.jpg","contentUrl":"https://heimstaden.com/app/uploads/sites/9/2020/12/Heimstaden-miljoansvar-1.jpg","width":1600,"height":1067,"caption":"Nuori mies ja nainen istuvat puiston penkillä ulkona"},{"@type":"BreadcrumbList","@id":"https://heimstaden.com/fi/tietoa-meista/vastuu-ymparistosta/#breadcrumb","itemListElement":[{"@type":"ListItem","position":1,"name":"Tietoa meistä","item":"https://heimstaden.com/fi/tietoa-meista/"},{"@type":"ListItem","position":2,"name":"Vastuu ympäristöstä"}]},{"@type":"WebSite","@id":"https://heimstaden.com/fi/#website","url":"https://heimstaden.com/fi/","name":"Heimstaden","description":"Tervetuloa Heimstadenille","publisher":{"@id":"https://heimstaden.com/fi/#organization"},"potentialAction":[{"@type":"SearchAction","target":{"@type":"EntryPoint","urlTemplate":"https://heimstaden.com/fi/?s={search_term_string}"},"query-input":{"@type":"PropertyValueSpecification","valueRequired":true,"valueName":"search_term_string"}}],"inLanguage":"fi"},{"@type":"Organization","@id":"https://heimstaden.com/fi/#organization","name":"Heimstaden Finland","url":"https://heimstaden.com/fi/","logo":{"@type":"ImageObject","inLanguage":"fi","@id":"https://heimstaden.com/fi/#/schema/logo/image/","url":"https://heimstaden.com/app/uploads/sites/9/2018/01/Heimstaden_logo.png","contentUrl":"https://heimstaden.com/app/uploads/sites/9/2018/01/Heimstaden_logo.png","width":1476,"height":214,"caption":"Heimstaden Finland"},"image":{"@id":"https://heimstaden.com/fi/#/schema/logo/image/"}}]}</script>
<!-- / Yoast SEO plugin. -->

Vastuu ympäristöstä - Heimstaden

Liiketoimintaamme kuuluu luonnollisena osana se, että ajattelemme ja toimimme kestävästi.

Nuori mies ja nainen istuvat puiston penkillä ulkona

Tietoa meistä
